- (18 + -39 + -10))
45
4 - (-20 - ((19 - 0) + -31))
12
What is -203 + 199 + (0 + 2 - 3) + -31 + 14?
-22
What is the value of 3 - -44 - (232 + -212)?
27
What is (-1 - -4) + 92 - (-33 + 53 - -14 - 45)?
106
What is the value of -4021 + 4133 - (0 + 187)?
-75
What is the value of 59 + 0 + 10 + -33?
36
Calculate 7 - (-9 - (8 + -7)) - (78 + -24).
-37
What is the value of -2 + -6 + -4 - -8 - (2 + 8)?
-14
What is the value of (55 - 23) + -41 - (0 + 0 - (44 - -3))?
38
Calculate 0 + 49 + -16 + -5.
28
What is 4 + 136 + -20 + 16 + (3 - (0 + 5))?
134
2 + (172 - 109 - 61)
4
-40 + 8 + (-8 - 11 - (-12 - (2 + -7)))
-44
Calculate (3 - -3 - (-3 + -3)) + (-71 - -4 - -12).
-43
What is -86 + 46 + 38 + 1 + 10 + -1?
8
-3 + 126 + -1913 + 1810
20
Evaluate -12 + (141 - 163) + 0 + 3.
-31
(6 - 1) + 3 - (51 + 96 + -50)
-89
What is the value of (-133 + 3 - (276 - 307)) + 15 + 1?
-83
Calculate -83 + -27 + -30 + 88 - 17.
-69
What is (-240 - -109) + 122 - 65?
-74
32 + 7 - (-14 - -26)
27
What is the value of -15 - (-40 + -25 - -32)?
18
What is -1794 - -1822 - (-2 - -45)?
-15
-33 + 2 + (-13 - (-10 + 2))
-36
Calculate 17 - (0 - (-17 - (-19 - -10))).
9
Evaluate 28 + -65 - (26 + -89).
26
Calculate -10 + (-66 - -38) - -75.
37
-1281 - -1226 - (3 - (23 + -25 - (0 - -2)))
-62
(-54 - 37) + 126 + 97
132
-13 + (-4 - 17) + (-20 - (-59 - -30))
-25
What is 20 + (-6 - -7 - (0 + -13))?
34
Evaluate -159 - (-15 + -142) - (2 - (-3 + 2)).
-5
What is 0 - 99 - (-90 - -30 - (3 - 68))?
-104
Calculate 16 + 13 + (-12 - ((-8 - 4) + -10)).
39
Evaluate (11 + -49 - 5) + -8 + -8 + 8.
-51
What is -139 + -11 + -2 + (-11 - -11) + (10 - -1)?
-141
-66 + (11 - -16 - -14) + -20
-45
Evaluate -2 + 6 + (2 - (39 + -17)).
-16
Evaluate 1 + 22 + (9 - 5) + -19 + -62.
-54
What is the value of -38 - (-6 + 7 + -7 + 5 - 5)?
-32
Calculate -94 - -21 - (-66 - -21) - -149.
121
(0 - 0 - (62 + -71)) + 0 + (28 - -5)
42
What is the value of 5 - (-19 + 21 - 3) - 0?
6
Calculate (-175 - 9 - -133) + 134.
83
Evaluate (3 - (41 - (46 - 30))) + 78.
56
What is -15 + 24 + -17 + -13 + 20?
-1
What is the value of (277 - 285) + -6 + (1 - (-1 + -67))?
55
3 - ((-2 - (-11 + (0 - -2))) + (220 - 218))
-6
(2 + -2 - 112) + (-7 + -19 - (11 - 51))
-98
Calculate -1 - (0 - -105) - (26 + -1 + -127 + 94).
-98
What is 29 + (-27 - -12) - (-18 + 26)?
6
What is the value of -1208 + 1161 - (-2 + -41)?
-4
Evaluate 75 + 37 + -97 + 63.
78
Evaluate -75 + (61 - -49) + 10.
45
What is the value of -1 - 66 - -13 - 3?
-57
21 - (-3 + (1 - 2) + 1 - (4 - 5))
23
Evaluate -3 + 5 + 8 - (47 + (-46 - 8)).
17
-17 - 0 - (-2190 - -2158)
15
41 + -67 + (39 - (9 - -25))
-21
What is (-4 - (-3 - (3 + 2 + -1) - -8)) + 56?
51
Evaluate 71 + -4 + (39 - (-38 + 84)).
60
Calculate 35 - (15 + -6 + -13 + 44 + -35).
30
Evaluate (701 - 764) + (18 - 7).
-52
What is 14 + -73 + 1 + (-15 + -5 - -42) + -9?
-45
Calculate (105 - 1) + (-2162 - -2067).
9
What is the value of 0 + 47 - (-15364 - -15332)?
79
((-7 - 8) + 10 - (-6 - (15 + 1))) + -9
8
-129 - (37 - -27) - -69
-124
What is the value of 42 - (-2 + (-9 - -83))?
-30
(-16 - -6) + -12 + (-7 - -10) + 77 + -8
50
Calculate 16 + (18 + (13 - -34 - -17) - 14).
84
What is the value of 36 - -3 - (-14 + (-5 - -4) + -25 + 44)?
35
-1 - ((-66 - 0) + 0 + (73 + -103 - -19))
76
What is the value of -28 - (((21 - 6) + -10 - 0) + (-11 - 2))?
-20
-52 + (-7 - (1 - (11 - 2))) + 4 + 8
-39
Evaluate ((-4 - -2) + (6 - 5) - 64) + (2045 - 2040).
-60
What is 0 + 2 + (17 - -2) + (-190 - -183)?
14
-15 + -1 + (2 - (79 - 90))
-3
Calculate -174 + 30 - (-88 + 3).
-59
Calculate (-17 - -34 - (-10 + 9)) + -22 - (0 + -76).
72
Evaluate (27 - 42) + 64 - 72.
-23
Evaluate (3 - -56) + -47 - -28.
40
What is -684 + 653 + 0 + 3 + 9 + 13?
-6
60 - (-33 - (3 + -34) - (-8 + (-2 - -1)))
53
What is -9 - -1 - (0 - 26 - (-20 + -23 + 16))?
-9
What is the value of (-1 - (3 + 4)) + (5 - 55) + 49 - 8?
-17
Calculate -98 + 108 + -4 + -2 - 19.
-15
What is the value of 39 - (-59 + (-47 - -61))?
84
Evaluate (-45 - (-53 + -2)) + -54.
-44
What is 25 + 0 + 52 + (-11 - 39) - (-3 + 2)?
28
Calculate 47 + (-5 - 3) + -35 + (75 - 30).
49
What is the value of 5 + ((89 - 124) + 20 - (-110 + 0))?
100
Calculate -79 + 88 - 20 - (0 + (12 - 1)).
-22
What is the value of 81 - (102 + -66) - -93?
138
What is the value of -9 + 8 + 3 - 56 - -12?
-42
(0 - 1) + (8 - 4) + -51 + 48 + -2
-2
What is (-43 + 23 - -33) + 78 - 14?
77
Evaluate -35 - ((22 - (32 - -9)) + 13 + -2 - -3).
-30
What is 71 + -20 - 54 - (-42 + 1)?
38
What is ((10 - 27) + 14 - -7) + -12 + 6?
-2
What is (94 + -118 - (-3 - 0)) + 45?
24
Evaluate -14 + 2 + 0 + -11 + -23 + 45 + -23.
-24
What is the value of (-113 - -114 - (-3 - 7 - -3)) + 23?
31
(-33 + (12 - 11) - 15) + -5 + 2
-50
What is ((-28 - 0) + 2 - -12) + 13 - 30?
-31
Calculate (76 - -2) + -709 + 682.
51
What is 21 + (-11 - (-53 + 21 - -28))?
14
Calculate 2 + -17 + (48 - (-16 + 57 - 42)).
34
What is (-38 + 1 - 1) + (49 - (-55 + 107))?
-41
What is the value of (15 - 15 - -2) + 202 + -91?
113
What is (260 - 246) + (2 + -2 - 13)?
1
What is 2 + 0 + (22 + -135 - -108)?
-3
Evaluate 126 - 10 - -5 - (3 + 18 + -8).
108
What is the value of 36 - (5 + 20) - ((-2 - -70) + 2)?
-59
Evaluate -4 + -7 + (5 - (8 + -17)) + 35 + 0.
38
What is (4 - 11 - -3 - (233 + -152)) + -4 - -2?
-87
(32 - ((-21 - (22 + -78)) + -18)) + -42
-27
What is the value of 11 + 1 + -13 + -1 - (1 - 47)?
44
What is the value of (-3 + 3 - 1) + 2 + -10 - (19 - 30)?
2
Evaluate (4 - 2) + -13 + 1 + -5 + 24 - -50.
59
Calculate (14 - 6) + -14 - 2 - 6 - -13.
-1
What is -12 + 28 + -18 + -4 + 48?
42
220 + -211 + 1 + -59 + -1
-50
What is (-348 - -330) + -2 + (2 - 27)?
-45
Evaluate (12 - (-45 + 51 + (1 + -31 - 5))) + 3.
44
Evaluate 29 - -89 - 30 - ((5 - -7) + -7 + -2).
85
What is the value of -37 + 12 + -2 + 31 + 2 + -7 + -126?
-127
What is (-2 + 8 - (-12 - (-2 - 10))) + -3?
3
(-3 - (-43 - -77)) + 103
66
220 + -261 - ((-14 - -1) + -2)
-26
63 + (20 - 152) + 72
3
What is the value of -120 + -62 + 20 + (72 - 49)?
-139
Evaluate 142 + -118 - (4 + (-5 - 40)).
65
What is 612 + -608 - (4 + (25 - (-4 - -4 - -4)))?
-21
What is the value of 19 - (136 - 84) - -32?
-1
Calculate 43 - (67 - 26) - (28 - -9).
-35
Calculate 35 - (-47 + (81 - -23)).
-22
Evaluate -53 + 21 + (-93 - -16).
-109
Evaluate (21 - 27) + (12 - 23 - (-4 - 2)).
-11
20 + -29 + -19 - -18 - (-67 + 7)
50
-56 - (21 - (-29 + 61))
-45
26 + 58 + 45 - 1
128
4 + 4 - (-13 - -63)
-42
Calculate 3 - (35 + -15 + 14 + -6 + -6).
-19
Evaluate -66 - (-31 + -18) - 0.
-17
Evaluate -2 + (-38 - (3 - 8)) + 64.
29
Calculate -537 + 547 + (-2 + 79 - -3).
90
What is the value of 70 + (132 + -74 - 106)?
22
Calculate -1 - (9 + 3) - (23 - 41).
5
(1154 + -1246 - (11 + -1)) + (4 - -2)
-96
Calculate 3 - (-2 + (-1 - 8) + 136 + -102 + 19).
-39
What is -16 + 36 - 14 - 12?
-6
72 + (-173 + 131 - (-1 - 20)) + 0
51
Evaluate 24 + -16 + (35 - -14).
57
Evaluate -347 + (256 - -41) + -1 + 143.
92
10 - ((4 - 5) + 1 + 2 + 408 + -339)
-61
Evaluate 0 + -7 + 41 + (6 + (16 - 8) - 29).
19
What is 194 + -259 + 109 + -1?
43
Evaluate 39 + -56 + 6 - (-17 + 1) - -92.
97
Calculate -5 - (-92 + (6 + -22 - 7) + -21).
131
Evaluate -3 - -76 - 22 - 60.
-9
-72 + 47 + 36 + 3
14
What is the value of 4016 + -3980 + (14 + 4 - -3)?
57
Calculate -290 + (375 - 80) - ((-2 - 0) + (-8 - 3)).
18
5 + 5 + -15 + 54 + 3
52
44 - (56 - -32) - (-1 - -3)
-46
Evaluate -4 + 17 - (2743 + -2790).
60
What is the value of 27 + 42 + 11 + -63?
17
Calculate 55 - (16 + -44 - -39 - -12).
32
Calculate -75 - (-5 - ((-11 - (-11 - 14)) + -2 - 8)).
-66
Calculate -1 - -13 - (5 - 4) - (102 + (50 - 110)).
-31
Evaluate (18 + -93 - 15 - (22 + -16)) + 16.
-80
-1 - -1 - (153 + -150) - 50
-53
Evaluate (-9 - ((5 - 21) + 8)) + -12 + -6.
-19
(6 + (-2 - -4) - (-229 + 309)) + 19
-53
What is the value of (17 - 0) + (66 - (-27 - 35 - -42))?
103
What is the value of -1359 - -1346 - (-2 - 9 - (-2 - -1)) - 19?
-22
What is the value of (175 - 91 - 73) + (-31 - -1)?
-19
What is the value of 7 - -12 - (243 - 181)?
-43
Calculate 12 - 128 - (-60 - -45 - (0 - 5 - 0)).
-106
What is the value of -2 - (-1 + 5 - (771 - 746))?
19
180 + -46 + -60 + -18
56
Calculate 43 + 15 + -141 + 50.
-33
Calculate (1 - 11) + (-79 - (49 + -41 + -48)).
-49
Calculate -39 - (7 - (13 + (-11 - -25 - 10))).
-29
What is 46 - (17 - 8 - -3 - 10 - 7 - -3)?
48
Evaluate 11 + -1